q - 5*q + 32 = -5*c. Calculate the greatest common factor of q and 36.
12
Let q = -56 + 34. Let h = q + 48. Suppose -h = -2*l - 2. Calculate the highest common factor of 8 and l.
4
Suppose 4*a + 2051 = 611. Let f be (-2)/(-7) + a/(-63). Suppose 5*u = -3*d - 4 - 9, -5*d + 5*u + 45 = 0. Calculate the greatest common divisor of f and d.
2
Let u(o) = 7*o + 15. Let g be u(-3). Suppose -5 - 118 = a. Let i be a/(-6) - g/(-12). Calculate the greatest common divisor of i and 8.
4
Suppose -2*q + 3*b + 173 = -193, 5*b + 730 = 4*q. Calculate the highest common divisor of q and 135.
45
Suppose -1474 = -8*g - 242. Calculate the greatest common factor of g and 14.
14
Let y be 7/1*(-1)/21*-6. Suppose -j = -y, -2*n - 14 = -4*j - 62. Calculate the highest common divisor of n and 14.
14
Suppose -o - 18 = -4*o. Suppose 0 = -w + 4*n + 2, w + 0*n = 5*n - 2. Calculate the greatest common divisor of w and o.
6
Suppose 58 = -3*h - 2*w, w = -2*h - h - 59. Let r = h + 13. Let c be -3 + 1 + -2 - r. Calculate the greatest common divisor of c and 33.
3
Let o be ((-12)/15)/2 - (-102)/30. What is the highest common divisor of 144 and o?
3
Suppose 30 = 4*c - 6. Let x be 4 - (-4 - (2 + -4)). Let d be (-2073)/(-33) - x/(-33). What is the greatest common factor of d and c?
9
Let w(k) = -k**3 + 6*k**2 - 6*k + 5. Let a be w(5). Suppose y + 2 = -a. Let t be (0 - y)/((-6)/(-21)). Calculate the highest common divisor of 14 and t.
7
Let n = -22 - -1. Let x be (1/(-3))/(7/n). Suppose 2*k - 6 - 2 = 2*w, -w - 16 = -5*k. What is the highest common factor of x and k?
1
Let v be 4/10*(-65)/(-1). Suppose -14 = -s + 2*x, -2*s + 4*s - v = 5*x. Calculate the highest common factor of 2 and s.
2
Suppose 2*s - i - 12 = 0, -s + 32 = 4*s - 2*i. Suppose -5*u = 2*f - 272, f = -0*u + 5*u - 284. What is the highest common divisor of u and s?
8
Let b(h) be the first derivative of -h**4/4 - h**3 - 2*h**2 - 3*h + 4. Let g be b(-3). What is the highest common divisor of 81 and g?
9
Let h = -88 + 89. Let u be (12/14)/(3/42). Let j be (-8)/u - 22/(-6). Calculate the greatest common factor of j and h.
1
Let t(s) = -s**2 - 16*s + 6. Let i(g) = -3*g - 1 + 2*g**3 - 2 + 1. Let m be i(-2). Let p be t(m). Calculate the greatest common divisor of 36 and p.
18
Suppose -63 - 327 = 13*u. Let b be 2*(-3003)/u + 3/(-15). Calculate the highest common divisor of 80 and b.
40
Let w = 20 + 18. Suppose -5*d + 25 = 4*j + 2, -4*j - 2*d + w = 0. What is the greatest common divisor of 108 and j?
12
Let y be ((-6)/(-15))/(2/40). Let c(f) = -f**2 - 7*f - 2. Let j be c(-4). Let l = j + -2. Calculate the greatest common factor of l and y.
8
Let u(f) = -6*f + 177. Let j be u(13). What is the greatest common factor of 121 and j?
11
Let v = 4 + -2. Suppose -v*h - 11 = -3*h. Let z be 48/120 - 1/((-5)/163). What is the highest common factor of z and h?
11
Suppose -q = -j + 59, q + 155 = 3*j - 18. Suppose -26*v + p = -24*v - 10, -v = 2*p + 5. Calculate the highest common factor of j and v.
3
Suppose -2 = -5*a + 3*t, -5 = -2*a - 5*t + 2. Let g(n) = -n + 15. Let v be g(-8). What is the highest common factor of a and v?
1
Let a(j) = -j**3 + 3*j**2 - 2*j + 31. Let z be a(4). Calculate the highest common divisor of z and 847.
7
Suppose -4*i - 2*a - 25 = -5*i, -5*i - 2*a = -113. What is the highest common divisor of 943 and i?
23
Suppose -s = -5*j - 40, -3*s = 2*j - 10 - 25. What is the highest common divisor of 255 and s?
15
Let o = 42 + -21. Let p be (-28)/((o/(-6))/7). Calculate the greatest common divisor of 140 and p.
28
Let y be 1/((-3)/(5*-12)). Suppose 2*r = -k + 52, 3*r - 3*k + 4 = 73. Calculate the highest common factor of r and y.
5
Suppose 4*z = 2*l + 84, 4*z - 72 = 4*l + 12. What is the greatest common divisor of z and 91?
7
Let b be -1*(10/45 + (-191)/9). What is the highest common divisor of 56 and b?
7
Let g = 6 - 3. Let s be 50 + 5 + 1 + -3. Let o = g + s. What is the highest common divisor of 7 and o?
7
Let k = -28 + 51. Let r be 2/5 + k/5. Suppose 5*x + 3*s = 107 + 90, -2*x + 75 = 5*s. Calculate the greatest common divisor of r and x.
5
Let f be (8/(-2))/(-2) - 0. Suppose 5*a + s - 1203 = f*s, -5*s + 1185 = 5*a. What is the highest common factor of a and 24?
24
Let d be (5/2)/((-2)/(-24)). Let w = -400 - -415. Calculate the highest common divisor of d and w.
15
Let m(w) = w**3 - 11*w**2 - 4*w - 12. Let z be m(12). Calculate the greatest common divisor of z and 96.
12
Let w be (4/(-6)*-42)/(1 + 1). Let m be (w/(-42))/(1/(-63)). Calculate the highest common factor of 3 and m.
3
Suppose s = -4*r, 4*s + 0*r - r - 68 = 0. Let o be s/((-10)/(-8) - 18/(-24)). What is the highest common divisor of 8 and o?
8
Let d = 8 + 11. Let y = 29 - d. Calculate the greatest common divisor of y and 70.
10
Let a be (-372)/9 - (-1 - (-5)/3). Let q = a - -50. Calculate the greatest common factor of 64 and q.
8
Let l = -45 - -33. Let p = 4 - l. Calculate the greatest common divisor of p and 24.
8
Let y be (-1030)/12 + -4*(-3)/(-72). Let g = y + 194. What is the highest common divisor of g and 72?
36
Let c(z) = z**2 - z + 2. Let l be c(2). Let i be (-5)/(-2) - 10/20. Suppose -h - 5*b = 2*h - 99, i*b - 90 = -3*h. What is the highest common divisor of l and h?
4
Let p(a) = 22*a**3 + 2*a**2 - 2. Let v be p(-2). Let f = 250 + v. Calculate the highest common factor of 10 and f.
10
Let i be 2/(-2) + (17 - 3). Let g be (-49)/(-14) - 9/6. Suppose -3*y + g*y = -i. Calculate the greatest common divisor of 78 and y.
13
Let c(p) be the first derivative of -p**4/4 - 4*p**3/3 + 5*p**2 + 8*p + 6. Let f be c(-6). Calculate the highest common factor of 30 and f.
10
Let u be 6164/22 - (-3 - 70/(-22)). Calculate the highest common divisor of u and 360.
40
Let n = 143 - 141. Suppose -n*v = 3*v - 225. Calculate the greatest common divisor of v and 18.
9
Let y = 1 - -8. Suppose -4*n + 3*m = -y, -4*n + 2*m = -11 - 3. Let d be (-222)/(-4) - 3/n. What is the greatest common divisor of d and 5?
5
Let a be (-1485)/(-405) + (-1645)/(-3). What is the greatest common factor of a and 64?
8
Let h(i) = 4*i - 17. Let q be h(5). Suppose 2*d + 4 = 0, -z + 5*z = -q*d + 74. What is the highest common factor of z and 20?
20
Let z = 20 - 10. Suppose 4*h - 3*p + 96 = 459, -2*p + 268 = 3*h. Calculate the highest common divisor of h and z.
10
Let s(k) = 2*k**2 + 45*k + 264. Let q be s(-19). Calculate the greatest common divisor of 131 and q.
131
Let l(y) = y**2 + 32*y - 64. Let t be l(-34). Suppose t*d = -0*d + 52. Calculate the highest common divisor of 65 and d.
13
Let o = -28 + 43. Suppose 209 = 3*f - 106. Calculate the highest common factor of o and f.
15
Let s(a) = a**3 + 13*a**2 - 13*a + 19. Let n be s(-14). Suppose 2*o + 3*o = -l + 138, -n*l = 10. Calculate the greatest common divisor of o and 70.
14
Suppose 6*q - 21 = 603. What is the highest common factor of 572 and q?
52
Let z(r) = 3*r + 87. Let f be z(11). Calculate the highest common divisor of 160 and f.
40
Let h(r) = 2*r**2 - r - 25. Let a be h(-7). Suppose -4*z + b + a = -b, 104 = 4*z + 4*b. Calculate the highest common divisor of z and 176.
22
Let u be ((-3)/(-5))/((-8)/40). Let s be ((-125)/(-10) + u)*2. Calculate the highest common divisor of s and 57.
19
Suppose 2*s - 3*f - 61 = 0, s + f - 20 = -f. Suppose -260 = 6*w - 10*w. Calculate the highest common factor of s and w.
13
Let x = 1302 + -609. What is the greatest common factor of 189 and x?
63
Let r(y) = -20*y**2 - 8*y - 5. Let z(v) = -7*v**2 - 3*v - 2. Let m(w) = -6*r(w) + 17*z(w). Let a be m(5). Calculate the highest common factor of a and 48.
6
Suppose f - 386*v = -382*v + 2, v = 5*f - 10. Calculate the greatest common factor of 50 and f.
2
Let s be ((-175)/14)/(3/(-6)). Calculate the highest common factor of 275 and s.
25
Let h(g) = 14*g + 7. Let z be h(4). Let k = -361 - -388. What is the highest common divisor of z and k?
9
Let d(c) = 2*c**2 + 12*c - 2. Let n be d(-9). Let b be (397/5 - 2) + (-57)/(-95). What is the greatest common divisor of b and n?
26
Suppose -5*w = -4*p + 1244, p - 56*w - 286 = -61*w. Suppose 4*o + 33 = 169. What is the highest common divisor of o and p?
34
Let b(d) = d**3 - 5*d**2 + 3*d + 2. Let n be b(5). Let v be 1/4 + (-1358)/(-8). Let c be (1 + 2)*v/15. Calculate the greatest common factor of n and c.
17
Suppose -2*s - 10 = -k + 5, -4*s 